-- phpMyAdmin SQL Dump
-- version 5.2.0
-- https://www.phpmyadmin.net/
--
-- Host: 127.0.0.1
-- Erstellungszeit: 25. Jun 2023 um 09:02
-- Server-Version: 10.4.27-MariaDB
-- PHP-Version: 8.1.12

SET SQL_MODE = "NO_AUTO_VALUE_ON_ZERO";
START TRANSACTION;
SET time_zone = "+00:00";


/*!40101 SET @OLD_CHARACTER_SET_CLIENT=@@CHARACTER_SET_CLIENT */;
/*!40101 SET @OLD_CHARACTER_SET_RESULTS=@@CHARACTER_SET_RESULTS */;
/*!40101 SET @OLD_COLLATION_CONNECTION=@@COLLATION_CONNECTION */;
/*!40101 SET NAMES utf8mb4 */;

--
-- Datenbank: `buch23_catdb`
--

-- --------------------------------------------------------

--
-- Tabellenstruktur für Tabelle `besitzt`
--

CREATE TABLE `besitzt` (
  `kdnr` int(11) DEFAULT NULL,
  `tierid` int(11) NOT NULL
) ENGINE=InnoDB DEFAULT CHARSET=utf8mb4 COLLATE=utf8mb4_general_ci;

--
-- Daten für Tabelle `besitzt`
--

INSERT INTO `besitzt` (`kdnr`, `tierid`) VALUES
(1, 1),
(1, 5),
(1, 6),
(2, 2),
(2, 3),
(2, 4);

-- --------------------------------------------------------

--
-- Tabellenstruktur für Tabelle `impfpass`
--

CREATE TABLE `impfpass` (
  `passnr` int(11) NOT NULL,
  `datum` date DEFAULT NULL,
  `arzt` varchar(20) DEFAULT NULL
) ENGINE=InnoDB DEFAULT CHARSET=utf8mb4 COLLATE=utf8mb4_general_ci;

--
-- Daten für Tabelle `impfpass`
--

INSERT INTO `impfpass` (`passnr`, `datum`, `arzt`) VALUES
(1017, '2014-07-28', 'Dr. Steffi');

-- --------------------------------------------------------

--
-- Tabellenstruktur für Tabelle `katze`
--

CREATE TABLE `katze` (
  `tierid` int(11) NOT NULL,
  `name` varchar(20) DEFAULT NULL,
  `rasse` varchar(10) DEFAULT NULL,
  `geschlecht` char(1) DEFAULT NULL,
  `farbe` varchar(15) DEFAULT NULL,
  `gewicht` int(5) DEFAULT NULL,
  `geburt` date DEFAULT NULL
) ENGINE=InnoDB DEFAULT CHARSET=utf8mb4 COLLATE=utf8mb4_general_ci;

--
-- Daten für Tabelle `katze`
--

INSERT INTO `katze` (`tierid`, `name`, `rasse`, `geschlecht`, `farbe`, `gewicht`, `geburt`) VALUES
(1, 'Socke', 'Hauskatze', 'w', 'schwarz-weiß', 4212, '2014-04-28'),
(2, 'Morli', 'Hauskatze', 'w', 'schwarz', 3412, '2017-03-28'),
(3, 'Minka', 'Hauskatze', 'w', 'schwarz', 3612, '2017-03-28'),
(4, 'Max', 'Hauskatze', 'm', 'schwarz', 4012, '2017-03-28'),
(5, 'Baghira', 'Perser', 'm', 'schwarz', 3899, '2007-01-18'),
(6, 'Shir Khan', 'Bengal', 'm', 'gelb', 5012, '2002-03-21'),
(7, 'Susi', 'Hauskatze', 'w', 'gelb', 2012, NULL),
(8, 'Peter', 'Hauskatze', 'm', 'gelb', 2025, NULL);

-- --------------------------------------------------------

--
-- Tabellenstruktur für Tabelle `person`
--

CREATE TABLE `person` (
  `kdnr` int(11) NOT NULL,
  `name` varchar(20) NOT NULL,
  `email` varchar(20) NOT NULL,
  `umsatz` decimal(6,2) DEFAULT NULL,
  `adresse` varchar(30) DEFAULT NULL
) ENGINE=InnoDB DEFAULT CHARSET=utf8mb4 COLLATE=utf8mb4_general_ci;

--
-- Daten für Tabelle `person`
--

INSERT INTO `person` (`kdnr`, `name`, `email`, `umsatz`, `adresse`) VALUES
(1, 'Lena', 'lh@tubs.de', '128.45', 'Am See 27,14789 Wusterwitz'),
(2, 'Imo', 'imo@web.de', '200.00', 'Zanderstraße 11,14770 Brandenb'),
(3, 'Tom', 'tom@hs-wismar.de', '512.00', 'Richardstr. 31, 18119 Warnemün');

-- --------------------------------------------------------

--
-- Tabellenstruktur für Tabelle `person2`
--

CREATE TABLE `person2` (
  `kdnr` int(11) NOT NULL,
  `name` varchar(20) NOT NULL,
  `email` varchar(20) NOT NULL,
  `umsatz` decimal(6,2) DEFAULT NULL,
  `adresse` varchar(30) DEFAULT NULL
) ENGINE=InnoDB DEFAULT CHARSET=utf8mb4 COLLATE=utf8mb4_general_ci;

--
-- Indizes der exportierten Tabellen
--

--
-- Indizes für die Tabelle `besitzt`
--
ALTER TABLE `besitzt`
  ADD PRIMARY KEY (`tierid`),
  ADD KEY `kdnr` (`kdnr`);

--
-- Indizes für die Tabelle `impfpass`
--
ALTER TABLE `impfpass`
  ADD PRIMARY KEY (`passnr`);

--
-- Indizes für die Tabelle `katze`
--
ALTER TABLE `katze`
  ADD PRIMARY KEY (`tierid`);

--
-- Indizes für die Tabelle `person`
--
ALTER TABLE `person`
  ADD PRIMARY KEY (`kdnr`);

--
-- Constraints der exportierten Tabellen
--

--
-- Constraints der Tabelle `besitzt`
--
ALTER TABLE `besitzt`
  ADD CONSTRAINT `besitzt_ibfk_1` FOREIGN KEY (`tierid`) REFERENCES `tier` (`tierid`),
  ADD CONSTRAINT `besitzt_ibfk_2` FOREIGN KEY (`kdnr`) REFERENCES `person` (`kdnr`);
COMMIT;

/*!40101 SET CHARACTER_SET_CLIENT=@OLD_CHARACTER_SET_CLIENT */;
/*!40101 SET CHARACTER_SET_RESULTS=@OLD_CHARACTER_SET_RESULTS */;
/*!40101 SET COLLATION_CONNECTION=@OLD_COLLATION_CONNECTION */;
